{"id":52,"date":"2023-04-19T02:29:22","date_gmt":"2023-04-19T02:29:22","guid":{"rendered":"https:\/\/demoapus1.com\/jobtex-new\/?page_id=52"},"modified":"2025-12-15T14:05:01","modified_gmt":"2025-12-15T14:05:01","slug":"pricing","status":"publish","type":"page","link":"https:\/\/metiersduvoyage.com\/index.php\/pricing\/","title":{"rendered":"Pricing"},"content":{"rendered":"\t\t<div data-elementor-type=\"wp-page\" data-elementor-id=\"52\" class=\"elementor elementor-52\">\n\t\t\t\t\t\t<section class=\"elementor-section elementor-top-section elementor-element elementor-element-a3d4f6a elementor-section-stretched elementor-section-boxed elementor-section-height-default elementor-section-height-default\" data-id=\"a3d4f6a\" data-element_type=\"section\" data-settings=\"{&quot;stretch_section&quot;:&quot;section-stretched&quot;}\">\n\t\t\t\t\t\t<div class=\"elementor-container elementor-column-gap-extended\">\n\t\t\t\t\t<div class=\"elementor-column elementor-col-100 elementor-top-column elementor-element elementor-element-15681c9 elementor-invisible\" data-id=\"15681c9\" data-element_type=\"column\" data-settings=\"{&quot;animation&quot;:&quot;slide-up&quot;}\">\n\t\t\t<div class=\"elementor-widget-wrap elementor-element-populated\">\n\t\t\t\t\t\t<div class=\"elementor-element elementor-element-43f8174 elementor-widget elementor-widget-heading\" data-id=\"43f8174\" data-element_type=\"widget\" data-widget_type=\"heading.default\">\n\t\t\t\t\t<h2 class=\"elementor-heading-title elementor-size-default\">Des offres simples, claires et adapt\u00e9es au tourisme au Maroc<\/h2>\t\t\t\t<\/div>\n\t\t\t\t<div class=\"elementor-element elementor-element-7910c48 elementor-widget elementor-widget-text-editor\" data-id=\"7910c48\" data-element_type=\"widget\" data-widget_type=\"text-editor.default\">\n\t\t\t\t\t\t\t\t\t<p>Chez <strong>M\u00e9tiers du Voyage<\/strong>, nous avons con\u00e7u des formules accessibles pour les <strong>entreprises du tourisme marocain<\/strong> et des services utiles pour les <strong>candidats<\/strong>, sans complexit\u00e9 ni frais cach\u00e9s.<\/p>\t\t\t\t\t\t\t\t<\/div>\n\t\t\t\t\t<\/div>\n\t\t<\/div>\n\t\t\t\t\t<\/div>\n\t\t<\/section>\n\t\t\t\t<section class=\"elementor-section elementor-top-section elementor-element elementor-element-f590a07 elementor-section-stretched elementor-section-boxed elementor-section-height-default elementor-section-height-default\" data-id=\"f590a07\" data-element_type=\"section\" data-settings=\"{&quot;stretch_section&quot;:&quot;section-stretched&quot;}\">\n\t\t\t\t\t\t<div class=\"elementor-container elementor-column-gap-extended\">\n\t\t\t\t\t<div class=\"elementor-column elementor-col-100 elementor-top-column elementor-element elementor-element-43535fa elementor-invisible\" data-id=\"43535fa\" data-element_type=\"column\" data-settings=\"{&quot;animation&quot;:&quot;slide-up&quot;}\">\n\t\t\t<div class=\"elementor-widget-wrap elementor-element-populated\">\n\t\t\t\t\t\t<div class=\"elementor-element elementor-element-a7fede4 elementor-widget elementor-widget-apus_element_jobs_packages\" data-id=\"a7fede4\" data-element_type=\"widget\" data-widget_type=\"apus_element_jobs_packages.default\">\n\t\t\t\t<div class=\"elementor-widget-container\">\n\t\t\t\t\t        <div class=\"widget m-0 woocommerce widget-subwoo \">\n                            <div class=\"row\">\n                                            <div class=\"col-12 col-sm-6 col-lg-4\">\n                            <div class=\"subwoo-inner \">\n                                <div class=\"item\">\n                                    <div class=\"header-sub\">\n                                        <div class=\"icon-wrapper\">\n                                                                                    <\/div>\n                                        <div class=\"top-info d-flex align-items-center\">\n                                            <h3 class=\"title\">Offre GRATUITE \u2013 D\u00e9couverte<\/h3>\n                                                                                    <\/div>\n                                    <\/div>\n                                    <div class=\"bottom-sub\">\n                                        <div class=\"price\">Free<\/div>\n                                                                                    <div class=\"short-des\"><ul class=\"list-check\">\n<li><i class=\"fa fa-check\"><\/i>Offres:\u00a0 <strong data-start=\"875\" data-end=\"889\">30<\/strong><\/li>\n<li><i class=\"fa fa-check\"><\/i>Dur\u00e9e : <strong>30 jours<\/strong><\/li>\n<li><i class=\"fa fa-check\"><\/i>Mise en avant<\/li>\n<li><i class=\"fa fa-check\"><\/i>Support prioritaire<\/li>\n<\/ul>\n<\/div>\n                                                                                <div class=\"button-action\"><div class=\"add-cart\"><a href=\"\/index.php\/wp-json\/wp\/v2\/pages\/52?add-to-cart=1135\" rel=\"nofollow\" data-product_id=\"1135\" data-product_sku=\"#CDP158\" data-quantity=\"1\" class=\"button product_type_job_package add_to_cart_button ajax_add_to_cart product_type_job_package\">Ajouter au panier<\/a><\/div><\/div>\n                                    <\/div>\n                                <\/div>\n                            <\/div>\n                        <\/div>  \n                                    <\/div>\n                                    <\/div>\n        \t\t\t\t<\/div>\n\t\t\t\t<\/div>\n\t\t\t\t\t<\/div>\n\t\t<\/div>\n\t\t\t\t\t<\/div>\n\t\t<\/section>\n\t\t\t\t<\/div>\n\t\t","protected":false},"excerpt":{"rendered":"<p>Des offres simples, claires et adapt\u00e9es au tourisme au Maroc Chez M\u00e9tiers du Voyage, nous avons con\u00e7u des formules accessibles pour les entreprises du tourisme marocain et des services utiles pour les candidats, sans complexit\u00e9 ni frais cach\u00e9s. Offre GRATUITE \u2013 D\u00e9couverte Free 1 offre d\u2019emploi active Dur\u00e9e : 7 jours Visibilit\u00e9 standard Acc\u00e8s limit\u00e9 [&hellip;]<\/p>\n","protected":false},"author":1,"featured_media":0,"parent":0,"menu_order":0,"comment_status":"closed","ping_status":"closed","template":"","meta":{"footnotes":""},"class_list":["post-52","page","type-page","status-publish","hentry"],"_links":{"self":[{"href":"https:\/\/metiersduvoyage.com\/index.php\/wp-json\/wp\/v2\/pages\/52","targetHints":{"allow":["GET"]}}],"collection":[{"href":"https:\/\/metiersduvoyage.com\/index.php\/wp-json\/wp\/v2\/pages"}],"about":[{"href":"https:\/\/metiersduvoyage.com\/index.php\/wp-json\/wp\/v2\/types\/page"}],"author":[{"embeddable":true,"href":"https:\/\/metiersduvoyage.com\/index.php\/wp-json\/wp\/v2\/users\/1"}],"replies":[{"embeddable":true,"href":"https:\/\/metiersduvoyage.com\/index.php\/wp-json\/wp\/v2\/comments?post=52"}],"version-history":[{"count":3,"href":"https:\/\/metiersduvoyage.com\/index.php\/wp-json\/wp\/v2\/pages\/52\/revisions"}],"predecessor-version":[{"id":4065,"href":"https:\/\/metiersduvoyage.com\/index.php\/wp-json\/wp\/v2\/pages\/52\/revisions\/4065"}],"wp:attachment":[{"href":"https:\/\/metiersduvoyage.com\/index.php\/wp-json\/wp\/v2\/media?parent=52"}],"curies":[{"name":"wp","href":"https:\/\/api.w.org\/{rel}","templated":true}]}}